
Let w(h) = 4*h**3 + 40*h**2 - 102*h - 143. Is w(30) composite?
False
Let v be 2*(-4 - 3/(-1)). Let o be (21/(-6) + 2)*v. Suppose -933 = -o*c + 630. Is c a prime number?
True
Suppose -6*n + 13*n = -10255. Let k = 4362 + n. Is k a prime number?
True
Let a be (5/(-15))/(4/(-84)). Is (-7)/(-1) - (-5855 + a) prime?
False
Suppose 0 = 5*q + 4*g + 26, 2*q - 5*g = 7*q + 30. Is (28357/q)/((-4)/8) a composite number?
True
Let l = -103 + 108. Suppose -979 = -4*u + l*j + 2027, -u = j - 756. Suppose u = g - 2335. Is g composite?
False
Let g = -51706 - -91205. Is g a composite number?
False
Let b be (1292/(-1))/1 - (5 - 3). Let l = b + 3183. Is l a prime number?
True
Let k = -1894056 + 3223529. Is k a composite number?
True
Let g be -7 + 6 - 3*-166. Let k = 516 + -510. Suppose -k*n - n = -g. Is n prime?
True
Suppose 5*q - 888 = 1012. Let j be q/(-15)*45/(-6). Let w = j - -451. Is w prime?
True
Let y = -20708 - -42753. Is y a prime number?
False
Suppose 0 = -6*o + o, 36 = -3*h - 4*o. Is ((-7016)/12)/(8/h) a composite number?
False
Suppose 26*p + 1673377 = 5*a + 30*p, -a + 5*p = -334658. Is a a prime number?
False
Is 213528 - (3/27)/((-12)/108) a prime number?
False
Suppose 0 = 2*t - 39 - 3. Let r be 96/28 + -3 - (-8181)/t. Let l = r + -133. Is l prime?
True
Is 74565 - (-16 - (-3 - 29)) composite?
True
Let o(r) = -18*r + 220. Let v be o(12). Suppose 0 = -3*w - w + 5880. Is (w/v - -2)*2 a composite number?
False
Suppose s - 3*v - 24537 = -6*v, -2*v = 2. Let k = s + -16555. Is k prime?
False
Let z be 2/7 + (-1320)/(-280). Suppose -2901 = -4*k - v + 14410, -21650 = -5*k - z*v. Is k a prime number?
True
Let g be (-2 - -1 - 12)*-1493 - 4. Suppose 4*i - g = -i. Is i prime?
True
Let r(u) = -26632*u + 39. Is r(-1) composite?
True
Let u(i) = 27*i**2 + 7*i + 45. Let t(a) = -a**2 + 8*a + 98. Let w be t(-7). Is u(w) a composite number?
False
Let y(u) = 57*u + 2. Let l(n) = 56*n + 1. Let c(w) = 6*l(w) - 5*y(w). Let p be c(2). Let m = p + -39. Is m prime?
True
Suppose -29*v = -2781270 - 135637. Is v prime?
False
Let x(k) = 24*k**2 - 7*k - 14. Let c be x(-7). Suppose -6562 = -j - c. Let p = -2884 + j. Is p composite?
False
Let k(u) = -u**3 + 16*u**2 + 16*u + 8. Let x be k(17). Let v(m) = 9*m**2 - 15*m - 29. Is v(x) a prime number?
False
Let j(y) = -y**2 - 43*y - 78. Let g be j(-41). Suppose g*x - 26*i - 30286 = -27*i, 15148 = 2*x + 3*i. Is x prime?
False
Suppose 22*v - 357864 = -3*l + 23*v, 357837 = 3*l - 4*v. Is l prime?
True
Suppose 3791 = 5*l - 4524. Let t = 2130 + l. Is t composite?
False
Suppose -19*y + 18*y = -4. Suppose 0*c - 24 = -y*c. Suppose 179 = g + 2*s, g - 3*s = -c*s + 175. Is g a prime number?
False
Suppose 148*g - 25*g - 484866 = 0. Let w(l) = -65*l**2 - 4*l - 4. Let k be w(-5). Let q = g + k. Is q composite?
False
Let w = 3075214 - 1685241. Is w a prime number?
False
Is (64/12 + -5)/(1/251031) composite?
True
Suppose -2*k = 4*z + 18, 16 = -2*z + 2*k - 8. Is (-4)/(-10) + -10773*z/35 a prime number?
False
Suppose 13*t + 209 = 12*t. Let x = 450 - t. Suppose o - 3*c + 2*c = 156, -4*o = 3*c - x. Is o a composite number?
True
Suppose -5 = -9*d + 13. Let h be 1 + (d - 3) + 3. Suppose -h*t - 159 = -3*o, 140 = 4*o + 4*t - 72. Is o composite?
False
Let h(y) = -12*y**3 + 7*y**2 + 10*y + 17. Let x be h(-6). Suppose x = 2*b - 0*b - n, -5*b - 5*n = -6980. Is b a composite number?
False
Suppose 2*s + 2*f + 0*f = 2, -3*s = -2*f + 22. Is 3916/2 - ((1 - s) + -8) a prime number?
False
Suppose 4*i - 2*z - 6093 = -5*z, -6097 = -4*i + z. Let j = i - 534. Suppose -3*x = -3*u + j, 5*x - 157 = u - 471. Is u a composite number?
True
Suppose -637846 - 255158 - 313307 = -37*g. Is g prime?
True
Let r be ((-192)/(-10))/((-150)/1875). Is 32/r + 62151/45 a composite number?
False
Let q(c) = 32853*c**2 - 73*c + 215. Is q(4) a prime number?
True
Suppose 0 = -4*h - 0*h. Let l(b) = 21*b**2 + 69 + 30*b**2 + 21*b**2 - 71*b**2 + 3*b. Is l(h) a prime number?
False
Is 107024/(2 - 0) - (644/28 - 24) a prime number?
False
Let j = 6108 + -1251. Suppose -7*l + 10*l = j. Is l composite?
False
Suppose 66*u - 12795920 = 25*u + 8377341. Is u a composite number?
False
Let r(v) = -2*v**2 - 13*v + 15. Let l be r(-7). Let z(x) = x**3 + 4*x**2 - 11*x - 7. Is z(l) composite?
False
Let r = 3265 - 7876. Let u = -2657 - r. Is u a composite number?
True
Is (1618886 - (1 + -6 + -5)) + -5 prime?
True
Suppose 0 = 20*r - 381075 - 182545. Is r prime?
True
Let q = 6119 - 8745. Let b = q + 5565. Is b a prime number?
True
Let y = 219596 - 148879. Is y prime?
True
Let k(u) = -543*u - 1564. Is k(-7) a prime number?
True
Let p = 51 - 166. Let r = p + 117. Suppose 2*z = t - 105, -473 - 40 = -5*t - r*z. Is t a composite number?
False
Let w = 35460 - -15142. Is w prime?
False
Suppose -10448430 + 6849875 + 38601496 = 69*o. Is o a composite number?
False
Let w be (10 - 6)*(2 - (-1 - -1)). Is (-41965)/(-9) + w/36 a prime number?
True
Suppose -6*k - 2*i - 4394 = -8*k, i = -3*k + 6595. Suppose 0 = -l + 4 + 10. Suppose -16*m + k = -l*m. Is m a prime number?
False
Let z(p) = 32 + 437*p + 64*p - 3 + 11 - 3. Is z(2) composite?
False
Suppose 9*b - 120892 = -26734. Let k = -5433 + b. Is k a prime number?
False
Let s = 171726 + -99755. Suppose 0 = 5*g - 3*a - s, -10*a = g - 6*a - 14385. Is g a prime number?
False
Suppose -64702750 = -97*b - 153*b. Is b composite?
True
Let z(u) = -u**3 + 29*u**2 + 60*u + 69. Let n be z(31). Let c(k) = 28*k**2 + 12*k**2 - 21 + 6 - 8*k. Is c(n) a prime number?
True
Suppose -4*q = -z - 23, q + 4*q - 55 = 5*z. Let n(i) = 2*i**2 - 12*i - 1. Let u(r) = -r**2 - 21*r - 3. Let s(v) = 2*n(v) - u(v). Is s(z) prime?
False
Let s = 1701320 - 1131001. Is s a composite number?
True
Let z(g) = -g**2 + 26*g + 6. Let j be z(26). Suppose j*n = v + 2*n + 252, -n + 1222 = -5*v. Let w = 387 - v. Is w a prime number?
True
Let d(c) = -c**2 + 12*c - 39. Suppose 5*i = 81 - 16. Let z be d(i). Is 6/(120/z)*-365 prime?
False
Suppose 3*n + 4*d = 491319 + 191526, -4*d = -3*n + 682845. Is n a composite number?
True
Let o(h) = 11 - 89*h**2 + 2*h + 330*h**2 - h. Let u = -1460 - -1457. Is o(u) prime?
False
Suppose -35*t = -73*t + 3525070. Is t a prime number?
False
Let l = 17088 + -11915. Is l a composite number?
True
Let h = -24436 + 38925. Is h a prime number?
True
Let q = -35 + 38. Suppose 77 = q*c + 17. Suppose -c*y = -14*y - 1794. Is y prime?
False
Let i(u) = 177*u**2 + 16*u + 40. Let l be i(-3). Suppose 4*b + 5 = 29. Suppose 0 = -z + b*z - l. Is z prime?
True
Let d = -161429 + 302016. Is d composite?
False
Let l = 419327 + 280984. Is l a prime number?
False
Let q = 31463 + -19684. Let f = 30008 - q. Is f a composite number?
False
Let s be (3/(-2))/((-12)/312). Let j = s - 35. Suppose -j*i = -5*t + 2437, -945 = -2*t + 2*i + 29. Is t a composite number?
True
Suppose 0 = 4*i + 2*i. Suppose i = -4*g + 6557 + 2495. Suppose 2*n = -489 + g. Is n a prime number?
True
Let v(k) = 204*k**3 - k**2 + 2*k + 5. Let o(w) = 407*w**3 - 3*w**2 + 3*w + 10. Let j(r) = -2*o(r) + 5*v(r). Let b be j(-2). Let d = -1050 - b. Is d composite?
True
Suppose 0 = 3*x - b + 17589, -98*x + 29322 = -103*x + 4*b. Let p = 3229 - x. Is p prime?
True
Is 20036450/418 + 36/(-33) prime?
True
Suppose 0 = t + 5, -3*t = -2*d - 0*t + 496469. Is d composite?
True
Let m = -45 - -48. Suppose 1 + m = 2*h. Suppose h*o + 56 = 142. Is o a composite number?
False
Suppose -12*y - 166799 = -13*y + 3*k, -3*y = k - 500477. Is y composite?
False
Is (-10)/(-30) - 323596/(-6) composite?
True
Let o = 10722 - 10589. Let w = -15 - -93. Let v = o - w. Is v a prime number?
False
Suppose 0 = a - 4*b - 51, 0 = -5*a - b - b + 167. Suppose 0 = a*t - 105781 - 106704. Is t prime?
False
Let g be (-12)/14*112/(-32) + -2. Is (442/102)/(g/489*1) prime?
False
Suppose -8*j + 52 - 28 = 0. Suppose -4*p - 4*k + 3656 = 0, 12*p + j*k - 3656 = 8*p. Is p a prime number?
False
Let k = -1881 + 14108. Suppose -15811 - k = -6*t. Is t prime?
True
Let g(i) = 147*i**2 + 128*i - 11. Suppose -98*u + 115*u - 136 = 0. Is g(u) prime?
False
Let f(l) = l**3 - 12*l**2 - 2*l + 26. Let h be f(12). Suppose 5*m + h*v = 35939, -3*m + 3*v + 13573 = -7982. Is m a composite number?
False
Suppose 169*g = 180*g - 1438459. Is g prime?
True
Let w(u) = 13*u**3 + 23*u**2 + 42*u - 19. Is w(25) composite?
False
Suppose -b = 5*j - 1087 + 266, -664